or of 174 and 2262.
174
What is the greatest common divisor of 632 and 237?
79
Calculate the greatest common factor of 2316 and 24.
12
What is the highest common divisor of 1 and 1341?
1
Calculate the greatest common factor of 41726 and 62.
62
What is the highest common factor of 2430 and 15?
15
What is the greatest common divisor of 396 and 1408?
44
What is the greatest common divisor of 100 and 136?
4
Calculate the greatest common divisor of 264 and 108.
12
What is the highest common factor of 36 and 240?
12
Calculate the greatest common factor of 18255 and 15.
15
What is the highest common factor of 7089 and 102?
51
Calculate the greatest common divisor of 4774 and 22.
22
Calculate the greatest common factor of 214 and 2033.
107
Calculate the highest common divisor of 924 and 14553.
231
What is the highest common divisor of 20 and 1195?
5
Calculate the greatest common divisor of 1492 and 84.
4
What is the highest common factor of 92 and 32476?
92
Calculate the highest common factor of 5 and 10265.
5
Calculate the greatest common divisor of 112 and 7.
7
Calculate the highest common divisor of 4464 and 5301.
279
Calculate the greatest common factor of 1485 and 66.
33
Calculate the highest common divisor of 10 and 28.
2
Calculate the greatest common factor of 210 and 6335.
35
Calculate the highest common divisor of 497 and 14.
7
Calculate the highest common divisor of 12 and 129.
3
Calculate the greatest common factor of 242 and 110.
22
Calculate the greatest common divisor of 20 and 14180.
20
What is the highest common factor of 1978 and 258?
86
What is the highest common factor of 22 and 55?
11
Calculate the highest common divisor of 19795 and 185.
185
What is the greatest common divisor of 4559 and 388?
97
What is the greatest common factor of 21 and 2464?
7
Calculate the greatest common divisor of 11 and 52943.
11
Calculate the greatest common divisor of 126 and 819.
63
Calculate the highest common divisor of 120 and 888.
24
What is the greatest common divisor of 960 and 30?
30
Calculate the greatest common factor of 3 and 939.
3
What is the highest common divisor of 90 and 3105?
45
What is the greatest common factor of 78 and 1560?
78
Calculate the greatest common divisor of 15 and 120.
15
What is the greatest common factor of 30 and 1310?
10
What is the highest common divisor of 558 and 372?
186
What is the highest common factor of 26 and 2587?
13
What is the highest common divisor of 2248 and 8?
8
What is the greatest common factor of 5950 and 2720?
170
What is the greatest common factor of 189 and 162?
27
What is the highest common factor of 767 and 1888?
59
Calculate the highest common divisor of 20 and 15940.
20
What is the highest common factor of 18 and 1503?
9
What is the greatest common factor of 355 and 20945?
355
What is the greatest common factor of 418 and 4826?
38
What is the greatest common factor of 96 and 1632?
96
What is the greatest common divisor of 5070 and 30?
30
What is the greatest common factor of 7196 and 4?
4
Calculate the highest common factor of 18 and 78.
6
What is the greatest common factor of 313 and 18467?
313
Calculate the highest common divisor of 399 and 42.
21
What is the greatest common factor of 30 and 735?
15
What is the greatest common factor of 17160 and 4160?
520
What is the greatest common divisor of 16 and 4480?
16
Calculate the highest common factor of 108 and 576.
36
What is the greatest common divisor of 301 and 7?
7
What is the greatest common divisor of 108 and 13716?
108
Calculate the greatest common factor of 8 and 18.
2
Calculate the highest common factor of 4 and 4.
4
Calculate the highest common divisor of 244 and 4.
4
What is the highest common factor of 15 and 10635?
15
Calculate the highest common factor of 3 and 1626.
3
Calculate the greatest common divisor of 625 and 35.
5
What is the highest common factor of 91 and 2457?
91
What is the greatest common divisor of 59 and 413?
59
What is the greatest common factor of 15 and 995?
5
What is the highest common factor of 18 and 1467?
9
What is the highest common factor of 95 and 20?
5
Calculate the greatest common divisor of 72 and 576.
72
Calculate the greatest common divisor of 152 and 24.
8
Calculate the highest common factor of 248 and 24.
8
What is the greatest common factor of 34 and 12410?
34
Calculate the greatest common divisor of 233 and 2.
1
Calculate the greatest common factor of 37842 and 238.
238
Calculate the highest common divisor of 280 and 315.
35
Calculate the greatest common factor of 352 and 77.
11
Calculate the greatest common divisor of 28 and 868.
28
Calculate the highest common divisor of 196 and 392.
196
Calculate the highest common divisor of 160 and 512.
32
Calculate the highest common divisor of 1976 and 3800.
152
What is the highest common divisor of 93 and 13392?
93
Calculate the greatest common factor of 28 and 1484.
28
Calculate the highest common divisor of 170 and 890.
10
What is the greatest common factor of 16 and 976?
16
Calculate the highest common divisor of 306 and 54.
18
What is the highest common divisor of 45 and 5?
5
Calculate the greatest common factor of 450 and 540.
90
What is the highest common factor of 28 and 3?
1
What is the greatest common factor of 32 and 4?
4
What is the highest common divisor of 9 and 14427?
9
What is the greatest common divisor of 1610 and 70?
70
What is the highest common divisor of 1064 and 1400?
56
Calculate the highest common divisor of 3648 and 640.
64
Calculate the greatest common divisor of 30 and 870.
30
Calculate the highest common divisor of 1589 and 168.
7
What is the highest common factor of 330 and 750?
30
Calculate the highest common factor of 36 and 171.
9
Calculate the highest common divisor of 20 and 7660.
20
Calculate the greatest common factor of 357 and 84.
21
Calculate the greatest common divisor of 1036 and 252.
28
What is the greatest common factor of 342 and 646?
38
What is the greatest common divisor of 8 and 7272?
8
Calculate the highest common factor of 9527 and 14.
7
What is the highest common divisor of 2784 and 60?
12
What is the greatest common factor of 1062 and 590?
118
Calculate the highest common divisor of 195 and 39.
39
What is the highest common divisor of 10835 and 55?
55
Calculate the highest common factor of 6 and 1054.
2
Calculate the greatest common divisor of 6 and 2298.
6
What is the highest common factor of 740 and 20?
20
What is the greatest common divisor of 324 and 33?
3
What is the greatest common factor of 372 and 1572?
12
Calculate the greatest common factor of 819 and 182.
91
What is the greatest common factor of 250 and 10?
10
Calculate the highest common divisor of 31 and 1.
1
What is the highest common factor of 134 and 75978?
134
What is the greatest common factor of 349 and 171359?
349
Calculate the greatest common divisor of 7 and 259.
7
What is the greatest common divisor of 97 and 1?
1
What is the highest common divisor of 19 and 361?
19
Calculate the highest common divisor of 123 and 12.
3
Calculate the greatest common divisor of 30 and 1400.
10
What is the greatest common factor of 65 and 55?
5
What is the highest common divisor of 4 and 110?
2
Calculate the highest common divisor of 6 and 906.
6
What is the greatest common factor of 459 and 51?
51
What is the greatest common factor of 128 and 1984?
64
Calculate the greatest common factor of 150 and 6.
6
What is the greatest common divisor of 110 and 110?
110
What is the highest common factor of 195 and 25?
5
Calculate the highest common factor of 84 and 48.
12
Calculate the greatest common factor of 175 and 3360.
35
Calculate the greatest common factor of 101 and 1616.
101
What is the greatest common factor of 713 and 69?
23
Calculate the highest common factor of 288 and 736.
32
Calculate the highest common divisor of 22 and 341.
11
Calculate the greatest common factor of 198 and 88.
22
What is the greatest common divisor of 140 and 20?
20
What is the highest common divisor of 954 and 18?
18
Calculate the greatest common factor of 25 and 175.
25
What is the greatest common divisor of 40 and 5480?
40
What is the greatest common divisor of 713 and 62?
31
What is the greatest common divisor of 91615 and 365?
365
Calculate the greatest common factor